{"id":6497,"date":"2022-01-13T09:46:21","date_gmt":"2022-01-13T14:46:21","guid":{"rendered":"https:\/\/turismoaccesible.ec\/site\/?page_id=6497"},"modified":"2022-01-17T09:32:16","modified_gmt":"2022-01-17T14:32:16","slug":"turismo-accesible","status":"publish","type":"page","link":"https:\/\/turismoaccesible.ec\/site\/turismo-accesible\/","title":{"rendered":"Turismo Accesible"},"content":{"rendered":"\n<p><strong>Qu\u00e9 es Turismo Accesible?<\/strong><\/p>\n\n\n\n<p>Es aquel que garantiza el uso y disfrute del turismo independientemente de las capacidades, estado o condici\u00f3n de las personas. Basado en el Dise\u00f1o para Todos.<\/p>\n\n\n\n<p><strong>\u00bfQu\u00e9 es el Turismo Inclusivo?<\/strong><\/p>\n\n\n\n<p>El Turismo Inclusivo es aquel que busca adecuar los entornos, productos, y servicios tur\u00edsticos de manera que permitan el acceso, uso y disfrute a todas las personas en igualdad de oportunidades, de forma segura, c\u00f3moda, aut\u00f3noma y normalizada, independientemente de sus condiciones f\u00edsicas, sociales y culturales.<\/p>\n\n\n\n<p><strong>Beneficiarios del Turismo Accesible<\/strong><\/p>\n\n\n\n<figure class=\"wp-block-gallery columns-1 is-cropped wp-block-gallery-1 is-layout-flex wp-block-gallery-is-layout-flex\"><ul class=\"blocks-gallery-grid\"><li class=\"blocks-gallery-item\"><figure><img loading=\"lazy\" decoding=\"async\" width=\"649\" height=\"367\" src=\"https:\/\/turismoaccesible.ec\/site\/site\/wp-content\/uploads\/2022\/01\/beneficiarios.png\" alt=\"\" data-id=\"6498\" data-full-url=\"https:\/\/turismoaccesible.ec\/site\/site\/wp-content\/uploads\/2022\/01\/beneficiarios.png\" data-link=\"https:\/\/turismoaccesible.ec\/site\/site\/?attachment_id=6498#main\" class=\"wp-image-6498\" srcset=\"https:\/\/turismoaccesible.ec\/site\/wp-content\/uploads\/2022\/01\/beneficiarios.png 649w, https:\/\/turismoaccesible.ec\/site\/wp-content\/uploads\/2022\/01\/beneficiarios-300x170.png 300w\" sizes=\"auto, (max-width: 649px) 100vw, 649px\" \/><\/figure><\/li><\/ul><\/figure>\n\n\n\n<p><strong>BENEFICIOS DEL TURISMO ACCESIBLE<\/strong><\/p>\n\n\n\n<ul class=\"wp-block-list\"><li>Los viajes, tanto a nivel internacional como a nivel dom\u00e9stico, est\u00e1n en un permanente aumento.<\/li><li>Multiplicidad de clientes.<\/li><li>Reduce el fen\u00f3meno de la \u201cestacionalidad\u201d.<\/li><li>La accesibilidad debe formar parte de todos los productos y ofertas tur\u00edsticas<\/li><li>Los destinos accesibles pueden contribuir a mejorar la calidad de vida de los habitantes<\/li><li>de esos lugares.<\/li><li>El aumento de cuota de mercado.<\/li><li>Mejora de la imagen corporativa.<\/li><\/ul>\n\n\n\n<p><strong>Fuente: <\/strong>Organizaci\u00f3n Mundial de Turismo (2014) Manual sobre Turismo Accesible para Todos: Principios, herramientas y buenas pr\u00e1cticas. M\u00f3dulo I: Turismo Accesible \u2013 Definici\u00f3n y contexto<\/p>\n\n\n\n<p>Para mayor informaci\u00f3n:<\/p>\n\n\n\n<p><strong>Turismo Accesible \/<\/strong>Organizaci\u00f3n de Turismo OMT<br><br><a href=\"https:\/\/www.unwto.org\/search?keys=turismo+accesible\" target=\"_blank\" rel=\"noopener\">https:\/\/www.unwto.org\/search?keys=turismo+accesible<\/a><\/p>\n","protected":false},"excerpt":{"rendered":"<p>Qu\u00e9 es Turismo Accesible? Es aquel que garantiza el uso y disfrute del turismo independientemente de las capacidades, estado o condici\u00f3n de las personas. Basado en el Dise\u00f1o para Todos. \u00bfQu\u00e9 es el Turismo Inclusivo? El Turismo Inclusivo es aquel que busca adecuar los entornos, productos, y servicios tur\u00edsticos de manera que permitan el acceso, uso y disfrute a todas&hellip; <a class=\"continue\" href=\"https:\/\/turismoaccesible.ec\/site\/turismo-accesible\/\">Ver m\u00e1s<span> Turismo Accesible<\/span><\/a><\/p>\n","protected":false},"author":1,"featured_media":0,"parent":0,"menu_order":0,"comment_status":"closed","ping_status":"closed","template":"","meta":{"footnotes":""},"class_list":["post-6497","page","type-page","status-publish","hentry"],"_links":{"self":[{"href":"https:\/\/turismoaccesible.ec\/site\/wp-json\/wp\/v2\/pages\/6497","targetHints":{"allow":["GET"]}}],"collection":[{"href":"https:\/\/turismoaccesible.ec\/site\/wp-json\/wp\/v2\/pages"}],"about":[{"href":"https:\/\/turismoaccesible.ec\/site\/wp-json\/wp\/v2\/types\/page"}],"author":[{"embeddable":true,"href":"https:\/\/turismoaccesible.ec\/site\/wp-json\/wp\/v2\/users\/1"}],"replies":[{"embeddable":true,"href":"https:\/\/turismoaccesible.ec\/site\/wp-json\/wp\/v2\/comments?post=6497"}],"version-history":[{"count":5,"href":"https:\/\/turismoaccesible.ec\/site\/wp-json\/wp\/v2\/pages\/6497\/revisions"}],"predecessor-version":[{"id":6510,"href":"https:\/\/turismoaccesible.ec\/site\/wp-json\/wp\/v2\/pages\/6497\/revisions\/6510"}],"wp:attachment":[{"href":"https:\/\/turismoaccesible.ec\/site\/wp-json\/wp\/v2\/media?parent=6497"}],"curies":[{"name":"wp","href":"https:\/\/api.w.org\/{rel}","templated":true}]}}